 5*s + 18. Let y(g) = -17*c(g) - 6*x(g). What is y(-6)?
6
Let s(z) be the third derivative of z**5/60 - z**4/3 + z**3/2 + 33*z**2. What is s(7)?
-4
Let b(c) = -4*c - 20. Let d be b(-5). Let x(r) = -r + 5. Give x(d).
5
Let g(c) = 10*c**2 + 34*c + 15. Let u(t) = -7*t**2 - 23*t - 10. Let i(f) = 5*g(f) + 7*u(f). Determine i(-6).
-13
Let d(h) = 19*h + 16*h - 48*h - 8 + 14*h. Give d(6).
-2
Suppose -2*a + 5*o = 12 - 2, a + 5 = -3*o. Let h(t) = -7 + 10 + 0 + t. Determine h(a).
-2
Let f(n) = -n - 15. Let a = -56 - -44. Determine f(a).
-3
Let f = 6 + -4. Suppose f*b + b = -3. Let i(o) = 5*o**2 - 2*o + 4*o - 3*o. What is i(b)?
6
Let c(b) = 6*b**3 - b**2 - b. Let k be (-1)/(-1) - 2 - -2. Let j = 16 + -11. Suppose -k = -4*s + j*s. Give c(s).
-6
Let b(u) = 21 - 17 - 3*u - u**2 + 0*u**2. What is b(-5)?
-6
Suppose o - 24 = -3*l, 4*l + 10 = 6*l. Let h be -2 + -2*o/(-6). Let j(r) = 2*r**3 + 1. Calculate j(h).
3
Let m = 2 + -2. Let z(v) be the third derivative of 1/24*v**4 - 1/3*v**3 + v**2 + 0*v + m. What is z(0)?
-2
Let a = 74 - 74. Let g(f) = -f - 21. What is g(a)?
-21
Let b(o) = -4*o - 21 + o**2 + 15 + o**2 + 9. Determine b(2).
3
Let q(a) = -3*a**3 - a**2 + a + 1. Suppose 0 = -3*i + 4*i - 2*n - 9, 0 = 2*n + 8. Let x be i*(8/(-2))/4. Give q(x).
2
Let i(x) = 3 + 2 + x - 2*x. Let q = 1 - -2. Determine i(q).
2
Let z = 16 + -15. Let c(j) = 14*j + 1. Determine c(z).
15
Let p(h) = h - 1. Let n(f) = -2*f - 1. Let l(x) = n(x) + 4*p(x). Let c be l(4). Let m(g) = -g - g**3 + g - 3*g**2 - 2*g - c + g. Calculate m(-3).
0
Let b(i) = -i + 1. Let z = 10 + -8. Suppose 0 = z*y - 4*y - 6. What is b(y)?
4
Let n be 656/22 - (-2)/11. Let c be (-5)/n - (-13)/6. Let y(t) = t**3 + 5*t - 3 - 12*t**c + 6 + 6*t**2. What is y(4)?
-9
Let l(c) = 5*c**3 - 4*c**2 - 8*c + 3. Let x = -9 + 22. Let q = 7 - x. Let n(u) = u**3 - u**2 - u. Let v(r) = q*n(r) + l(r). Give v(3).
-12
Let o be (-63)/(-13) - (-5)/(-130)*-4. Let u(w) = w**3 - 7*w**2 + 8*w - 3. Give u(o).
-13
Let h(p) = 12*p. Let m(o) = 4*o. Let n(t) = -4*h(t) + 11*m(t). Let f be 3 + -8 + (3 - -1). What is n(f)?
4
Let k(i) = 4*i + i + 3*i**2 + 2*i**3 - 6 - 3*i**3. Suppose -15*z + 14*z = -4. What is k(z)?
-2
Let s = -13 - -11. Let a(d) be the first derivative of -5*d**2/2 - 3*d + 3. Calculate a(s).
7
Let x(m) = -5*m - 1. Suppose -3*o + 4*h - 13 = -3, -4*o - 7 = h. Let z = -2 - o. Let v be (1 - z)*(-2)/(-2). What is x(v)?
-6
Let d(x) = -x**3 - x**2 - x - 1. Suppose -4*o - 5*i + 2*i = -30, 3*i - 6 = 0. Let j be 9/o*6/(-9). Calculate d(j).
0
Let u be ((-8)/(-6))/(20/30). Let w(n) = 4*n**2 - n**2 + 7 - 2*n**u - 2*n**2. What is w(0)?
7
Suppose c + 2*c - 2*w = -4, w - 1 = 2*c. Let l be 78/(-12) + c/4. Let u(d) = -2*d - 7. What is u(l)?
5
Let q(p) = -2*p**3 - 10*p**2 + 3*p + 10. Let x(k) = k**3 + 5*k**2 - k - 5. Let o(u) = -2*q(u) - 5*x(u). What is o(-4)?
-7
Let r(t) be the first derivative of t**4/12 + 7*t**2/2 + 3*t + 4. Let x(l) be the first derivative of r(l). Give x(0).
7
Let f = 1 + 2. Suppose 0 = 2*z + f*w + 7, -z - w + 21 = -5*z. Let d(v) = 6 + 6 - 10 + v. Determine d(z).
-3
Let p(o) be the second derivative of -o**3/6 + 10*o**2 - 44*o. Give p(11).
9
Suppose -20 = -3*j - 2*j. Let b = j - -1. Let s(w) = -w**3 + 4*w**2 + 7*w - 5. Determine s(b).
5
Suppose -3*v - v = -2*y + 18, 5*v = -15. Suppose 3*b = 2*b + y. Suppose -3*n + 9 + b = 0. Let w(l) = l**3 - 3*l**2 - 7*l + 6. Determine w(n).
-6
Let j(u) be the third derivative of -u**5/60 - u**3/6 + 3*u**2. Determine j(-2).
-5
Let q(r) be the third derivative of r**6/120 - 7*r**5/60 + r**4/24 - r**3/3 - 8*r**2. Calculate q(7).
5
Let v(a) be the third derivative of -a**7/5040 + a**6/720 - a**5/20 - 4*a**2. Let q(j) be the third derivative of v(j). Suppose 4 + 0 = s. What is q(s)?
-3
Let g(t) be the third derivative of -t**6/120 + 7*t**5/60 - t**4/4 + 5*t**3/6 - 10*t**2. Determine g(6).
5
Let q(d) = d + 2. Let r = 10 + 9. Suppose -4*g + r = -5*x, -37 = x + 2*x + 4*g. Determine q(x).
-5
Let w(u) be the third derivative of u**7/840 - u**6/120 + u**5/120 - u**4/8 - u**3/6 + 4*u**2. Let a(l) be the first derivative of w(l). Give a(3).
0
Suppose 0 = -3*p + 3, 4*v + 7 = 3*p - 8*p. Let z(d) = d**3 + 3*d**2 + d + 2. Give z(v).
-1
Let x(k) = -k**3 - k**2 + 8*k + 3. Let z be x(-3). Let v(c) = -4*c + 2. Calculate v(z).
14
Let k be (-4)/5*(-5)/2. Suppose 0 = -o - 2*o + 3. Let p be (o - k)/((-1)/(-5)). Let h(n) = n + 11. Calculate h(p).
6
Let c(w) be the third derivative of w**5/60 + w**4/24 - 4*w**3/3 - 9*w**2. What is c(0)?
-8
Let c be 528/112 + 2/7. Let i(n) = 4*n**2 - 2*n - 1. Let w(p) = -5*p**2 + 2*p + 2. Let t(y) = c*w(y) + 6*i(y). What is t(-4)?
-4
Let x(j) be the second derivative of -j**3/2 + 3*j**2/2 + j. Suppose 0*r - 4*r + 16 = 0. Suppose 0 = 4*d + s - r + 1, d = -5*s - 23. Calculate x(d).
-3
Let x(k) be the third derivative of 0*k + 0 - 2*k**2 - 1/30*k**5 + 1/2*k**3 - 1/120*k**6 + 5/24*k**4. Calculate x(-3).
-3
Let b(v) = -v + 7. Let f be b(7). Let c be (f*(-1)/2)/(-2). Suppose -2*u + 3 - 9 = c. Let i(g) = g**2 + 1. Give i(u).
10
Let m = 2 - 2. Suppose m*z + 2 = 2*k + z, 5*z = 3*k + 10. Let h(l) = -l**2 - 2. What is h(k)?
-2
Let c(k) = -k + 1. Let a(u) = -11*u + 5. Let z(m) = a(m) - 6*c(m). Calculate z(2).
-11
Let a(u) = u**2 + u - 17. Let l be ((-4)/12*0)/2*-1. Give a(l).
-17
Let m(a) = 4*a + 1. Let i be m(-2). Let t = i + 1. Let x(p) = -p**3 - 6*p**2 + 2*p + 5. What is x(t)?
-7
Let b(z) be the third derivative of -1/60*z**5 - 1/3*z**4 - 5/6*z**3 + 0*z - z**2 + 0. Let w = 380 - 384. Give b(w).
11
Let p(x) = 0 - 2*x + 4 + 2*x**2 - 3. Suppose 2*q + 4 = 0, -5*t - 3*q = -0*q - 49. Let l = t - 10. Determine p(l).
1
Let y(b) = -b. Let g be y(0). Let i(n) = -n**3 - n**2 + n + 3. Let j(p) = 4*p**3 + 3*p**2 - 4*p - 8. Let r(l) = 7*i(l) + 2*j(l). What is r(g)?
5
Suppose 0 = -4*s - 4*u - 8, 5*u + 0 - 2 = -s. Let m(h) = -2*h**2 - h**3 + 1 + 2*h + h - 4. Let x be m(s). Let w(i) = -2*i**2 - 5*i - 3. Calculate w(x).
-6
Let o(b) = 7*b**2 - 6*b - 1. Let x(w) = -8*w**2 + 7*w + 1. Let m(f) = 6*o(f) + 5*x(f). Calculate m(-1).
2
Let u(f) = -f**2 - 5*f + 3. Let w be (-1)/3*(24 + -3). Let h = w + 2. Give u(h).
3
Suppose -k = -2*m + 13, -5*k + 5 = 2*m - 26. Let i(f) = 2*f - 10. Calculate i(m).
6
Suppose 5*f + 4 = -1. Let c(a) = -5*a**3 - 2*a**2 - a. Determine c(f).
4
Suppose 0*c - 2*c + 30 = 4*h, -h = 3*c - 10. Let d = h - 5. Let k(u) = 3*u**d - 4*u**2 + 7*u + 2 - 6. What is k(5)?
6
Let m(g) = -g + 1. Let r(q) = -q**3 + 3*q + 5. Let y(x) = -3*x**3 + 6*x + 9. Let z(j) = -9*r(j) + 5*y(j). Let t(l) = m(l) + z(l). What is t(-1)?
5
Let p(u) be the second derivative of u**5/20 + 5*u**4/12 - u**3 + 2*u**2 + u. Let x be p(-6). Let k(m) = -2*m + 6. What is k(x)?
-2
Let s = -6 + 2. Let d(p) be the first derivative of -p**5/60 - p**4/6 + p**3/3 + p**2/2 - 1. Let a(c) be the second derivative of d(c). Determine a(s).
2
Let q(h) = -h + 2. Let t(z) = -z**3 - 5*z**2 - 5*z - 10. Let n be t(-4). Give q(n).
8
Let n(u) = u**2 - 4*u - 5. Let z be (30/45)/((-2)/(-15)). What is n(z)?
0
Let i(r) = 9*r - 17*r + 6*r - 2*r**2. Suppose 0 = -3*g + 4*g + 1. Let s be 0 + -2 + 1 + g. Determine i(s).
-4
Suppose 28 = -2*o + 5*m, -4*m = -2*o - 3*o - 36. Let j be (o - -1)/(5/10). Let i(p) = -4*p - 2*p - 7*p**2 + 7 + 2*p - p**3. Calculate i(j).
-5
Let f(q) = 4*q + 2. Suppose -4*y + 2*i - 5 = 3, -2*y = -4*i - 8. Determine f(y).
-14
Let q(t) = 3*t + 7*t**2 + 5 - 2*t + 6*t + t**3. Let s = 42 - 48. Determine q(s).
-1
Let f be (-1)/3 + (-4)/(-3). Let x = f + -1. Let w(g) = -3*g + 4 - 11*g - g**2 + 17*g - 2*g. Determine w(x).
4
Let m(r) = r**3 - 2*r**2 - 4. Let t be m(2). Let b(o) = 3*o. Give b(t).
-12
Let n(j) be the first derivative of j**2 - 2*j**2 + 5 + 5 - 5. Let l = -5 - -2. Determine n(l).
6
Let u(v) be the third derivative of 0*v + 0 + 1/24*v**4 - v**2 + 1/2*v**3 - 1/120*v**6 - 1/60*v**5. Determine u(0).
3
Suppose -4*a = -2*a + 6. Let s(j) = j + 7. What is s(a)?
4
Let j(g) = -g + 1. Let d(u) = 5*u - 4. Let l(o) = d(o) + 6*j(o). Let r be ((-15)/(-9))/(1/(-3)). What is l(r)?
7
Suppose -7 - 1 = 2*k - j, -k + 2 = -2*j. Let p(h) = 0 - 2 - 4 - h. Determine p(k).
0
Let b(h) = 3*h + 3. Let g = 21 - 13. Let l = g - 6. Let u = 0 - l. What is b(u)?
-3
Let t(o) be the first derivative of -6*o + 10 - 11 + o**2 + 3*o. Determine t(3).
3
Let a(z) = 5*z. Let s(b) =